{"id":137,"date":"2019-11-18T01:13:58","date_gmt":"2019-11-18T01:13:58","guid":{"rendered":"http:\/\/corptaxcare.com\/?page_id=137"},"modified":"2019-11-18T01:13:59","modified_gmt":"2019-11-18T01:13:59","slug":"agradecimiento-en-dia-accion-de-gracias-2019","status":"publish","type":"page","link":"https:\/\/corptaxcare.com\/?page_id=137","title":{"rendered":"AGRADECIMIENTO EN DIA ACCION DE GRACIAS, 2019"},"content":{"rendered":"\n<figure class=\"wp-block-image size-large\"><img data-recalc-dims=\"1\" loading=\"lazy\" decoding=\"async\" width=\"620\" height=\"465\" data-attachment-id=\"139\" data-permalink=\"https:\/\/corptaxcare.com\/?attachment_id=139\" data-orig-file=\"https:\/\/i0.wp.com\/corptaxcare.com\/wp-content\/uploads\/2019\/11\/turkey-wallpaper-01-2.jpg?fit=1024%2C768&amp;ssl=1\" data-orig-size=\"1024,768\" data-comments-opened=\"1\" data-image-meta=\"{&quot;aperture&quot;:&quot;0&quot;,&quot;credit&quot;:&quot;&quot;,&quot;camera&quot;:&quot;&quot;,&quot;caption&quot;:&quot;&quot;,&quot;created_timestamp&quot;:&quot;0&quot;,&quot;copyright&quot;:&quot;&quot;,&quot;focal_length&quot;:&quot;0&quot;,&quot;iso&quot;:&quot;0&quot;,&quot;shutter_speed&quot;:&quot;0&quot;,&quot;title&quot;:&quot;&quot;,&quot;orientation&quot;:&quot;0&quot;}\" data-image-title=\"turkey-wallpaper-01-2\" data-image-description=\"\" data-image-caption=\"\" data-medium-file=\"https:\/\/i0.wp.com\/corptaxcare.com\/wp-content\/uploads\/2019\/11\/turkey-wallpaper-01-2.jpg?fit=300%2C225&amp;ssl=1\" data-large-file=\"https:\/\/i0.wp.com\/corptaxcare.com\/wp-content\/uploads\/2019\/11\/turkey-wallpaper-01-2.jpg?fit=620%2C465&amp;ssl=1\" src=\"https:\/\/i0.wp.com\/corptaxcare.com\/wp-content\/uploads\/2019\/11\/turkey-wallpaper-01-2.jpg?resize=620%2C465\" alt=\"\" class=\"wp-image-139\" srcset=\"https:\/\/i0.wp.com\/corptaxcare.com\/wp-content\/uploads\/2019\/11\/turkey-wallpaper-01-2.jpg?w=1024&amp;ssl=1 1024w, https:\/\/i0.wp.com\/corptaxcare.com\/wp-content\/uploads\/2019\/11\/turkey-wallpaper-01-2.jpg?resize=300%2C225&amp;ssl=1 300w, https:\/\/i0.wp.com\/corptaxcare.com\/wp-content\/uploads\/2019\/11\/turkey-wallpaper-01-2.jpg?resize=768%2C576&amp;ssl=1 768w\" sizes=\"auto, (max-width: 620px) 100vw, 620px\" \/><\/figure>\n\n\n\n<p>AGRADECIMIENTO EN DIA ACCION DE GRACIAS, 2019<\/p>\n\n\n\n<p>RAFAEL MOREL CPA PA le desea un feliz Dia de Acci\u00f3n de Gracias<\/p>\n\n\n\n<p>Acci\u00f3n de Gracias es d\u00eda de Agradecer por muchas Gracias: Esperanza, Amor, Salud, Gozos y Otros.<\/p>\n\n\n\n<p>Tambi\u00e9n por los beneficios que traer\u00e1 en el 2020 en la presentaci\u00f3n del income tax del 2019.<\/p>\n\n\n\n<p>Algunos beneficios de la nueva ley de impuesto son: Deducci\u00f3n \u201cStandard de $12,200.00 para soltero, $18,350.00 para cabeza de familia y $24,400.00 para cazados presentando juntos.<\/p>\n\n\n\n<p>Para el 2019, el cr\u00e9dito por dependiente menor de 17 a\u00f1os sera de $2,000.00.<\/p>\n\n\n\n<p>Los empresarios due\u00f1os de entidades tales como \u201cS Corporation\u201d, \u201cPartnership\u201d, LLC y empresarios individual que presentan \u201cSchedule C\u201d pueden rebajar el 20 por ciento del ingreso de sus operaciones seg\u00fan regulaciones para determinar la cantidad de impuesto a pagar en la Forma 1040.&nbsp;Un empresario individual en un nivel de impuesto de 24 porciento podr\u00e1 reducir el pago hasta un 19.2.<\/p>\n\n\n\n<p>En la Seccion 199A, reduccion de hasta 20 % del ingreso, revisar lo siguiente:<\/p>\n\n\n\n<ol class=\"wp-block-list\"><li>Reconocer Perdida de Invesiones de Capital<\/li><li>Realizar Donaciones<\/li><li>Aporte a Programa de Retiro<\/li><li>Compra de Activos para el Negocio<\/li><\/ol>\n\n\n\n<p>Para consulta y reuni\u00f3n personal llamar a Rafael Morel CPA PA al 786-252-2161<\/p>\n\n\n\n<p>&nbsp;IRS Taxes Representation, IRS Taxes Preparation, IRS Non Profit 501 (C) (3 ) Classification, IRS Taxes Debt Resolver &amp; Defender. I Free 30 Minutes Tax Review of Social Security, 401K and Retirement Plans for clients. Thanking you for allowing us to serve you&nbsp;in preserving&nbsp;your wealth with our over twenty-five years of continued tax and accounting experience,&nbsp;&nbsp;<\/p>\n\n\n\n<p>Visit<\/p>\n\n\n\n<p>Rafael Morel CPA PA website&nbsp;<a href=\"http:\/\/www.cpataxmoney.com\/\" target=\"_blank\" rel=\"noreferrer noopener\">http:\/\/www.cpataxmoney.com<\/a>&nbsp;for FREE Tax and Money Saving information<\/p>\n\n\n\n<p><a href=\"http:\/\/mailto:morelcpa@gmail.com\/\" target=\"_blank\" rel=\"noreferrer noopener\">morelcpa@gmail.com<\/a><\/p>\n\n\n\n<p>(786) 252 2161<\/p>\n\n\n\n<p>(305) 330-2780<\/p>\n","protected":false},"excerpt":{"rendered":"<p>AGRADECIMIENTO EN DIA ACCION DE GRACIAS, 2019 RAFAEL MOREL CPA PA le desea un feliz Dia de Acci\u00f3n de Gracias Acci\u00f3n de Gracias es d\u00eda de Agradecer por muchas Gracias: Esperanza, Amor, Salud, Gozos y Otros. Tambi\u00e9n por los beneficios que traer\u00e1 en el 2020 en la presentaci\u00f3n del income tax del 2019. Algunos beneficios [&hellip;]<\/p>\n","protected":false},"author":1,"featured_media":0,"parent":0,"menu_order":0,"comment_status":"closed","ping_status":"closed","template":"","meta":{"jetpack_post_was_ever_published":false,"footnotes":""},"class_list":["post-137","page","type-page","status-publish","hentry","entry"],"aioseo_notices":[],"jetpack_sharing_enabled":true,"jetpack_shortlink":"https:\/\/wp.me\/P6SaUp-2d","jetpack-related-posts":[],"_links":{"self":[{"href":"https:\/\/corptaxcare.com\/index.php?rest_route=\/wp\/v2\/pages\/137","targetHints":{"allow":["GET"]}}],"collection":[{"href":"https:\/\/corptaxcare.com\/index.php?rest_route=\/wp\/v2\/pages"}],"about":[{"href":"https:\/\/corptaxcare.com\/index.php?rest_route=\/wp\/v2\/types\/page"}],"author":[{"embeddable":true,"href":"https:\/\/corptaxcare.com\/index.php?rest_route=\/wp\/v2\/users\/1"}],"replies":[{"embeddable":true,"href":"https:\/\/corptaxcare.com\/index.php?rest_route=%2Fwp%2Fv2%2Fcomments&post=137"}],"version-history":[{"count":2,"href":"https:\/\/corptaxcare.com\/index.php?rest_route=\/wp\/v2\/pages\/137\/revisions"}],"predecessor-version":[{"id":140,"href":"https:\/\/corptaxcare.com\/index.php?rest_route=\/wp\/v2\/pages\/137\/revisions\/140"}],"wp:attachment":[{"href":"https:\/\/corptaxcare.com\/index.php?rest_route=%2Fwp%2Fv2%2Fmedia&parent=137"}],"curies":[{"name":"wp","href":"https:\/\/api.w.org\/{rel}","templated":true}]}}